 of g?
2, 3, 43
Let a = -201 - -543. List the prime factors of a.
2, 3, 19
Let a(t) = 2*t**2 + 13*t - 11. Let x be a(-6). Let d = x + 142. What are the prime factors of d?
5
Suppose 0 = -z - 0*z - 5. Let q(d) = -32*d + 20. What are the prime factors of q(z)?
2, 3, 5
List the prime factors of ((-3)/(-2))/((-2305)/580 + 4).
2, 29
Suppose -3*i - 3*v - 6 + 3 = 0, 4*v = i - 14. Suppose k - 5*d - 9 = -i*k, -2*d = -3*k + 9. What are the prime factors of ((-3)/(-6))/(k/18)?
3
Suppose -4*g = -26 + 34. List the prime factors of 20*g/20*-1*4.
2
Suppose 5*a - 9 - 1 = 0, 4*a - 1388 = -5*f. Suppose -4*s + 4*z = 2*z - f, s = -5*z + 91. What are the prime factors of s?
71
Suppose 2934 + 1481 = 5*p - 5*y, p - 5*y = 903. What are the prime factors of p?
2, 439
Let q(p) = -4*p**3 - 14*p**2 + 11*p - 24. Let k(x) = -5*x**3 - 14*x**2 + 10*x - 25. Let n(w) = -5*k(w) + 6*q(w). List the prime factors of n(14).
5, 41
Let r(t) = t**3 + 7*t**2 + 2*t + 8. Let v be r(-7). Let m = v + 11. What are the prime factors of m?
5
Suppose -12*p = -15*p + 12. Suppose 3*s + f - 2*f = 184, 5*f - 220 = -p*s. List the prime factors of s.
2, 3, 5
Let y be (-124)/((9/(-12))/((-18)/(-16))). Suppose 0 = -5*j + 59 + y. List the prime factors of j.
7
Let o be ((-53)/(-2) - 0)*2. Let t = 92 - o. What are the prime factors of t?
3, 13
Let t(o) = o**2 - o + 156. What are the prime factors of t(0)?
2, 3, 13
Let j(k) = k. Let b(f) = 10*f + 4. Let z(o) = -b(o) + 6*j(o). Let v be z(2). Let p = v - -73. What are the prime factors of p?
61
Let c = -18 - -19. Let q be -3 - (-3 - c) - -2. Suppose -2*u + 79 = q*b, -2*u + b = -0*b - 75. What are the prime factors of u?
2, 19
Suppose 402 = 2*i - 512. List the prime factors of i.
457
What are the prime factors of ((-1)/2)/(1*(-4)/824)?
103
Let o be (134/4)/(-5*5/(-50)). Suppose 3*g = o + 50. List the prime factors of g.
3, 13
Let c(q) = 2*q + 3 + q - 4 - 6. Let t be c(3). Suppose -t*f + 65 = -19. What are the prime factors of f?
2, 3, 7
Let r = -2617 + 7313. List the prime factors of r.
2, 587
Let b be (0 + 1)/(1 + (-3)/4). Suppose 4*q = -t - 67 + 299, -858 = -b*t - 2*q. List the prime factors of t.
2, 53
Suppose 2*v + 8 + 32 = 0. What are the prime factors of (-189)/(-15) - (-12)/v?
2, 3
Let i(u) = -u**3 + 5*u**2 - 5*u + 9. Let a be i(5). List the prime factors of (-1 - -32)/((-4)/a).
2, 31
Let t = -51 + 18. List the prime factors of 6/4*(-1166)/t.
53
Let f(c) be the second derivative of -c**3/6 + c**2/2 + 10*c. Let j be f(-3). Suppose j*x - 92 = 88. What are the prime factors of x?
3, 5
Let m(h) = -h**2. Let o(j) = 13*j**2 + j - 1. Let f(v) = m(v) + o(v). Let a be (-11)/(-13) - (-16)/104. What are the prime factors of f(a)?
2, 3
Suppose 778 = 2*s - 0*s. Let d = s - 207. What are the prime factors of d?
2, 7, 13
Let f be (0 - (-4 - 0) - 5) + 6. Suppose 4*h - 120 = -2*k + 6*k, -2*h + 62 = -3*k. Suppose h = 2*v - 4*o, f*v + 2*o = -o + 5. What are the prime factors of v?
2
Let o(t) = 7*t**2 - 18*t - 12. List the prime factors of o(10).
2, 127
Let n(r) = 5*r**2 - r - 26. Let q(d) = -3*d - 21. Let v be q(-9). List the prime factors of n(v).
2, 37
Suppose -3*k - 17828 = -5*a - 5545, -3*a = 3*k - 7389. What are the prime factors of a?
2459
Suppose -35 = -2*d - 11. List the prime factors of (-2305)/(-20) - 3/d.
5, 23
Suppose 0 = 2*a + 6, -4*f = -0*f + a - 9. Suppose 4*h - 296 = 5*j, -31 = -f*h + 5*j + 186. What are the prime factors of h?
79
Suppose 5*q = 2*o - 112 - 31, q + 2*o + 19 = 0. Let s = q - -31. Suppose s*x - 9*x = -40. What are the prime factors of x?
2
Suppose 67 - 59 = 4*g. Suppose -g*w - 4*c = -168, 74 = 2*w - w - 3*c. List the prime factors of w.
2, 5
What are the prime factors of (-1 + 3)*(-13626)/(-36)?
757
Let d = 77 - 77. Suppose 4*b = 3*n - 442, -3*n + n - 4*b + 308 = d. What are the prime factors of n?
2, 3, 5
Suppose -3*p - 5 = -5*d + 4*d, 0 = d + 2*p. Suppose -d*w + 444 = w. What are the prime factors of w?
2, 37
Let v(t) = -7*t + 3. Let w be v(1). Let u = w - -7. Suppose -8 + 26 = u*c. What are the prime factors of c?
2, 3
Suppose 20 = 3*o + o. Suppose 0 = -3*h + o*p - 90, 4*h + p = -4*p - 85. Let z = 9 - h. What are the prime factors of z?
2, 17
Let p(a) = 618*a**3 + 2*a**2 - a - 1. What are the prime factors of p(1)?
2, 3, 103
Let a be 6/(0 + -3) - -7. Suppose -a*n + 104 = -36. List the prime factors of n.
2, 7
Let q = -184 - -291. Let h = -40 + q. List the prime factors of h.
67
Let t(l) = 3*l**2 - 3*l + 52. Let x = 79 - 88. List the prime factors of t(x).
2, 7, 23
Suppose -3*r = -4*p, -5*p + 18 = 4*r - 13. Suppose j - 7 = -r. Suppose j*w - 141 = -0*w. List the prime factors of w.
47
Suppose r = 5*k - 24, 2*r + 2*k = 5*r + 33. What are the prime factors of (-2)/r + (-10950)/108*-2?
7, 29
Let p(o) = -o + 15. Let j = 1 - 12. List the prime factors of p(j).
2, 13
Suppose -2*q - z + 28 = 0, -2*q - z + 2*z = -32. Suppose 4*i - 298 = i + w, 0 = -3*w + q. What are the prime factors of i?
101
What are the prime factors of (-6)/(-27)*-3*-237?
2, 79
Let k(f) = 5*f**2 + f + 10. Let n be k(4). Let v = n - -33. What are the prime factors of v?
127
Suppose -7*j + 3*j + 14483 = 5*h, -3*j + 10848 = -h. What are the prime factors of j?
3617
Let h(m) = m**2 + m + 1. Let s(t) = -t + 15. Let f be s(11). Suppose -f*a - 4*i + 28 = 0, -a + i + 3*i = 18. What are the prime factors of h(a)?
7
Suppose 4*l = -2*l + 2910. Suppose -3*c = 4*p - l, -36 = -c + 5*p + 132. What are the prime factors of c?
163
Let c(z) = -267*z**3 - 3*z**2 - 7*z + 2. List the prime factors of c(-2).
2, 5, 107
Let q(c) = -6*c**2 + c + 6. Let n be q(-3). Let m = -31 - n. List the prime factors of m.
2, 5
Suppose -10*w - 25 = 5. List the prime factors of ((-1)/w)/((-6676)/(-1668) + -4).
139
What are the prime factors of 1144/(-32)*-4 + -8?
3, 5
Suppose -3*l = 5*n + l - 15888, 9526 = 3*n - l. List the prime factors of n.
2, 397
Suppose 7836 = 23*u - 8977. What are the prime factors of u?
17, 43
Suppose -4*q = -12, -q - 30 = -3*a - 0*q. Suppose g - a = 107. List the prime factors of g.
2, 59
What are the prime factors of 41/((-6 + 20)/448)?
2, 41
Let y = 25 + -150. List the prime factors of (4/((-20)/y))/((-2)/(-4)).
2, 5
Let v be 10/(-8)*(-141 - 3). Suppose -3*t + 3*u = -6*t + v, -4*t + u + 240 = 0. Suppose 4*z + t = 7*z. List the prime factors of z.
2, 5
Let u = -12 + 12. Suppose 4*j - 232 = -u*j. Let v = j - 41. What are the prime factors of v?
17
Let z(f) = 3*f**2 - 2. Let b = 5 - 7. Let x be z(b). Suppose -7 = j - x. What are the prime factors of j?
3
Let z(r) = 156*r**2 - 7*r - 2. List the prime factors of z(-3).
1423
Suppose 0*j - 3*j = -5*y + 18, 0 = -3*j - 3. Suppose y*m - 5 = -236. Let x = m - -127. List the prime factors of x.
2, 5
Suppose 6 = -3*h - 0. Let z be (h + 2/(-3))*12. Let j = z + 48. What are the prime factors of j?
2
Let q be 9/4 + -2 + 117/12. Let b = 79 + q. List the prime factors of b.
89
Suppose 5*s = 5, -4*p + 0*s + s + 355 = 0. Let n = p - 45. Suppose -n = -b - 3*b. What are the prime factors of b?
11
Suppose -3795 = 7*b - 21771. What are the prime factors of b?
2, 3, 107
Suppose 3*p - 26*f - 2701 = -31*f, -2*f = 8. What are the prime factors of p?
907
Let z(c) = 3*c**2 - 15*c - 5. Let a be z(7). Suppose 5*x + 1 = 3*h, -3*h - x + a = 12. List the prime factors of h.
7
Suppose 5*d + 3 + 2 = 0, 0 = -3*m - 5*d + 25. What are the prime factors of (0 + 3)/(2/m)?
3, 5
Suppose 48*n - 1899 = 45*n. What are the prime factors of n?
3, 211
Let o = 940 - 666. List the prime factors of o.
2, 137
Suppose -4*n - 414 = -3*s - 2*s, 0 = -2*s - 3*n + 184. Suppose 2*r + s = 3*r. List the prime factors of r.
2, 43
Let s be (0 + -24)*(-6)/8. Suppose 3*k = -3*h + 2*k + 39, 0 = -2*h + 2*k + s. What are the prime factors of h?
2, 3
Let s(g) = -2*g - 7. Suppose 0*v + 5*v = 20. Suppose w = l + 4*l - 5, -w - 5 = v*l. What are the prime factors of s(w)?
3
Suppose 2*v = 8, 4*a + v - 59 = -15. What are the prime factors of a?
2, 5
Let r(j) = j**3 + 5*j**2 + 5*j - 9. Let g be r(-4). Let i = 18 + g. List the prime factors of i.
5
Suppose 201 = -3*o + n, -5*o + 30 - 376 = 2*n. Let x = o + 38. What are the prime factors of 20/x - (-160)/6?
2, 13
Let d be -1 + (-2)/6*0. Let c(h) = -110*h - 2. What are the prime factors of c(d)?
2, 3
Let m be 2/(-5) + (-36)/(-15). Suppose -m*b - 70 = -7*b. Suppos